Calculate the remainder when f is divided by 171.
167
Let t = 460 + 36. Suppose 49*z - t = 41*z. Calculate the remainder when 107 is divided by z.
45
Let a(r) = -2*r**2 - 108*r + 359. What is the remainder when 745 is divided by a(-57)?
14
Let t = 356 - 152. Suppose -l = -0*l - 2*n - t, 3*l = 2*n + 616. What is the remainder when l is divided by 71?
64
What is the remainder when 6250/16 - (15/40)/(-1) is divided by 131?
129
Suppose -40 = 69*l - 872 - 65. Calculate the remainder when 2288 is divided by l.
0
Let u = -17 + -41. Let g = u + 217. Suppose 0*p + 3*p = g. Calculate the remainder when p is divided by 12.
5
Let l(w) = 50 - 6*w + 7 - 2*w - 4*w + 119. Calculate the remainder when 49 is divided by l(13).
9
What is the remainder when ((-42)/(-3) + -29)*(-325)/3 is divided by 520?
65
Suppose -66*v = 4*m - 71*v - 255, -3*m - 5*v = -130. Calculate the remainder when 3237 is divided by m.
47
Calculate the remainder when 32 is divided by -485 + 500 + (-1 - 1)*3.
5
Suppose 5*p - 5*s = 4280, 3*s - 52 + 43 = 0. Calculate the remainder when p is divided by 21.
19
Let l = 7019 + -6259. Calculate the remainder when l is divided by 211.
127
Suppose 3*s - 87 - 12 = 0. Suppose -29*h = -s*h - 116. Let j = 113 + h. Calculate the remainder when j is divided by 22.
18
What is the remainder when 1*1487/6 + 590/(-708) is divided by 18?
13
Let i = -5563 + 5787. Calculate the remainder when 1103 is divided by i.
207
Let x(c) = -c**2 - c + 12. Let i be x(5). Let z = 20 - 11. Calculate the remainder when 79/3 + 6/i is divided by z.
8
What is the remainder when 4158 is divided by (52/4 - 1)/((-33)/(-44))?
14
Let c be 88/3*18/8. Let l = 78 - c. Let n = l + 16. Calculate the remainder when 111 is divided by n.
27
Suppose -4*l - 33 = -5*l. Let h(b) = 4*b + 7. Let v be h(-8). Let i(x) = x**3 + 23*x**2 - 51*x - 7. What is the remainder when l is divided by i(v)?
15
Let f = -104 - -232. Calculate the remainder when 37 is divided by ((-4)/(-3))/((f/60)/16).
7
Let s(g) = -1580*g + 8058. What is the remainder when s(4) is divided by 188?
46
Suppose -85472 = -32*p + 185056. Calculate the remainder when p is divided by 141.
135
Let v be -14 + -1 + 19 + -2. Let i(h) = -h**2 + 5*h. Let u be i(4). Suppose 0*g = -u*g + 4, 3*f = v*g + 37. What is the remainder when f is divided by 7?
6
Suppose 2*w - w - 15 = 0. Let v = -219 + 224. Suppose -850 = -v*a - 415. Calculate the remainder when a is divided by w.
12
Let x(m) = -m**2 - 21*m + 7. Let s be x(-21). Suppose -l - 2 = 0, -3*v = -4*l - 90 + s. What is the remainder when 95 is divided by v?
20
Suppose -2*g + 1316 = 3*l, -4*l - 4*g + 0*g + 1756 = 0. Calculate the remainder when l is divided by 141.
15
Let m = 43 - 44. Let k(n) = -63*n**2 - n - 1. Let w be k(m). Let b = -61 - w. What is the remainder when 14 is divided by b?
0
Suppose -10*a - 20690 = -22080. Calculate the remainder when 472 is divided by a.
55
Let m(r) = 38*r + 167. Calculate the remainder when -1*(7 - 0 - 1)*-9 is divided by m(-3).
1
Let j be ((-5)/6)/(115/30 + -4). Suppose 3*k - 2 = -j, 2*v + 4*k = 26. Calculate the remainder when 30 is divided by v.
0
Let o = -11243 + 11380. What is the remainder when o is divided by 54?
29
Suppose -29*f + 238 = 5*f. What is the remainder when -4 + 2 - 156/(-6) is divided by f?
3
Let y(v) = 2*v + 1 + 2 + 0 - 5. Calculate the remainder when 1602/534 - (1 - (0 - -55)) is divided by y(7).
9
Let c(q) = 10*q**2 + 47*q - 21. Let i be c(-12). Suppose 0 = -7*v + i + 517. Calculate the remainder when v is divided by 67.
62
Suppose 4*p - p = 159. Let x = 676 + -653. What is the remainder when p is divided by x?
7
What is the remainder when 122 is divided by (-728)/(-260)*5/1?
10
Let h = 1416 - 888. What is the remainder when h is divided by 176?
0
Let n = 2 - 98. Let i = 119 + n. Calculate the remainder when 55 is divided by i.
9
Let r = -1502 - -966. Let d = 570 + r. Calculate the remainder when d is divided by 14.
6
Calculate the remainder when 2077 is divided by (18/63 - (-66)/14)*16.
77
Suppose 74 = 4*o - 14. Let g = o + -4. Calculate the remainder when 93 is divided by 308/33*g/7.
21
Suppose -7*y - 15 = -4*y. Let n(w) = 9*w - 12. Let i be n(y). Let g = i + 65. What is the remainder when 17 is divided by g?
1
Let p be 2*17/1*150/60. Suppose 6*q - p - 155 = 0. Suppose -78 = -8*a + 34. What is the remainder when q is divided by a?
12
Let m = -122 - -83. Let g = m - -49. Suppose p - 112 = -0*n - 2*n, 4*n - 3*p = 244. Calculate the remainder when n is divided by g.
8
Suppose -5*y - 3*s + 424 = 140, 0 = 10*y + s - 578. Calculate the remainder when 152 is divided by y.
36
Let n be (16/(-6) + 2)/((-10)/45). Suppose 3*t + o - 62 = 0, n*o + 11 - 57 = -2*t. What is the remainder when t is divided by -1 + 8 - (2 + -1)?
2
Suppose -o - 16*o = o - 19368. What is the remainder when o is divided by 30?
26
Suppose -2 - 1 = -3*v, 0 = -2*p + v + 19. Let n = -11906 + 11990. What is the remainder when n is divided by p?
4
Let f = 2446 - 2417. What is the remainder when 1797 is divided by f?
28
Let n = -5919 - -5964. What is the remainder when 367 is divided by n?
7
Suppose -77*o + 68*o + 27 = 0. Suppose 0 = -6*a + 4*a - 2. What is the remainder when o is divided by a/(5/20*-2)?
1
Let q(x) = -2*x**3 + 14*x**2 + 29*x - 9. What is the remainder when 1100 is divided by q(-4)?
192
Let x be ((-52)/10)/((-57)/13110). Suppose 7*q = x - 370. Calculate the remainder when q is divided by 54.
10
Let y = 108 + -65. Suppose 0 = -y*s + 15*s + 4816. What is the remainder when s is divided by 57?
1
Suppose -4*j - 82 = -g - 7, -5*j - 92 = -3*g. Calculate the remainder when 105 is divided by j/(-76) - (-107)/4.
24
Let f = -62071 - -62094. What is the remainder when f is divided by (-1)/(-2)*2 - -5?
5
Calculate the remainder when ((-11988)/28 + (-1)/(-7))/(-1) is divided by 28.
8
Let t(b) = -5*b - 7. Suppose 3*y + 20 = -y. Calculate the remainder when t(y) is divided by (3 + -7 + 10)/1.
0
What is the remainder when 620 is divided by (-3)/(-12)*-4 + 206?
5
Suppose -5*i = 2*f - 3135, 0*f - 4*f + 6263 = 3*i. Calculate the remainder when 4701 is divided by f.
6
Suppose -2*z + 2424 = 4*z - 2034. Calculate the remainder when z is divided by 12.
11
Suppose 10 = 2*m, 5*d + 4*m = -2 + 7. Suppose 3*y - 3013 + 2815 = 0. What is the remainder when y is divided by d/(-12) + 78/8?
6
Let n(a) = 389*a - 2198. Calculate the remainder when n(9) is divided by 15.
13
Let v(m) = m**3 - 33*m**2 + 64*m - 45. Let o be v(31). Let w = o - -24. What is the remainder when 282 is divided by w?
36
Suppose 288 = -9*d - 297. Let q = d + 102. Calculate the remainder when q is divided by 5.
2
Let x(o) = -557*o + 558*o - 5 + 64. Calculate the remainder when x(-31) is divided by 17.
11
Let y(w) = -w**2 - 11*w + 325. What is the remainder when 173 is divided by y(12)?
26
Suppose -91*w + 14272 + 16577 = 0. Calculate the remainder when w is divided by 10.
9
Suppose -65 = -h - w + 31, 5*h + 4*w = 483. Suppose -3*a = t - 41, 0 = 4*t + 2*a - 292 + 88. What is the remainder when h is divided by t?
46
Suppose 2*h - 270 = 2*f, 6*h - 400 = 3*h - 2*f. Calculate the remainder when 4419 is divided by h.
131
Let o be (-8)/44 - (-501)/33. Let u = -11 + o. What is the remainder when u + -1 - (-32 - -4) is divided by 11?
9
Calculate the remainder when 1409 is divided by (2430/20)/((-3)/(-4)) - 5.
153
Let f = 17942 + -17768. What is the remainder when 1222 is divided by f?
4
Suppose -h - 418 = -2*y, -4*y + 42*h = 37*h - 854. Calculate the remainder when 650 is divided by y.
32
Suppose 2*d - z = 6*d - 9, -4*z - 12 = 0. Suppose 0 = d*r - n - 76, 5*r = n - 62 + 186. Suppose -84 + 270 = 2*p. What is the remainder when p is divided by r?
21
Let y = -57 + 61. Suppose -y*s - 3*s + 245 = 0. Let n(b) = -b**2 + 23*b - 10. Calculate the remainder when s is divided by n(22).
11
Let i = 17 - 90. Let o = i + 138. Let x = -833 + 844. What is the remainder when o is divided by x?
10
Let v be 176/(-66)*1/((-4)/6). Suppose 3*z = p - v, p + 5*z - 24 = 3*z. What is the remainder when 463 is divided by p?
15
Let i(r) = -17*r - 624*r**2 + 622*r**2 - 5*r + 2. Let o be i(-11). Suppose o*c = -y + 24, -y - y + 5*c = -30. Calculate the remainder when 78 is divided by y.
18
Suppose -3*g + 8*g = 10, -2*y - 5*g = -4. Suppose 0*i - 5*i + 220 = 0. Calculat